{"id":322,"date":"2012-03-11T01:10:58","date_gmt":"2012-03-11T01:10:58","guid":{"rendered":"http:\/\/www.mdegeer.be\/Mikael\/?page_id=322"},"modified":"2023-06-01T09:26:42","modified_gmt":"2023-06-01T09:26:42","slug":"digital-signage","status":"publish","type":"page","link":"http:\/\/www.mdegeer.be\/Mikael\/digital-signage\/","title":{"rendered":"Digital Signage"},"content":{"rendered":"<p><a title=\"Demo\" href=\"http:\/\/www.get-a-glance.com\/media\/jce\/mediaplayer\/mediaplayer.swf\"><img loading=\"lazy\" class=\"size-large wp-image-484 alignleft\" src=\"http:\/\/www.mdegeer.be\/Mikael\/wp-content\/uploads\/2012\/03\/Capture-576x1024.png\" alt=\"Capture\" width=\"241\" height=\"440\" \/><\/a>Les \u00e9crans digitaux se multiplient dans les lieux de vente, les expositions, les salles d\u2019attente, les salles de fitness, les h\u00f4tels\/restaurants, les mus\u00e9es, les a\u00e9roports, \u2026<\/p>\n<p style=\"text-align: justify;\">Ces \u00e9crans proposent une communication riche, vari\u00e9e et dynamique.<br \/>\nCes outils de Digital Signage permettent d\u2019afficher toutes sortes d\u2019informations telles que :<\/p>\n<p style=\"text-align: justify;\"><strong>Films vid\u00e9o, Vid\u00e9o HD, Photos, Animation Flash, Pr\u00e9sentation PowerPoint, Son, Page web, Flux RSS, Flux de stream.<\/strong><\/p>\n<p style=\"text-align: justify;\">Le Digital Signage\u00a0est un concept \u00e9mergent d\u2019affichage dynamique pour un r\u00e9seau d\u2019\u00e9crans contr\u00f4l\u00e9s par un logiciel d\u2019administration permettant de g\u00e9rer \u00e0 distance chaque \u00e9cran et de diffuser le bon contenu, au bon moment et au bon endroit aupr\u00e8s d\u2019un public cible d\u00e9termin\u00e9.<\/p>\n<p style=\"text-align: justify;\">Get A Glance et moi-m\u00eame vous proposons les derni\u00e8res solutions technologiques permettant d\u2019interagir au mieux avec votre cible. Que cela soit via des \u00e9crans LED, LCD, Holopro, Dynamique Screen ou Touch Screen, nous pouvons vous proposer la solution correspondant le mieux \u00e0 vos besoins.<\/p>\n<p style=\"text-align: justify;\">Ce type de diffusion de contenus, rendue interactive, est particuli\u00e8rement adapt\u00e9 \u00e0 l\u2019information du public dans des lieux o\u00f9 l\u2019audience est captive.<br \/>\nLa gestion de ces contenus trouve une place primordiale dans le concept de l\u2019Affichage Dynamique\u00a0 (ou encore DOOH pour Digital Out Of Home) via des CMS (Content Management System) d\u00e9di\u00e9s et adapt\u00e9s<br \/>\nOrganiser, s\u00e9curiser, g\u00e9rer et modifier \u00e0 distance la communication sont les challenges de demain que Get A Glance est pr\u00eat \u00e0 relever avec vous.<\/p>\n<p style=\"text-align: justify;\">Concr\u00e8tement, quelles sont les grandes diff\u00e9rences entre l\u2019Affichage Dynamique, et l\u2019Affichage statique\u00a0? Que permet d\u2019atteindre le DOOH :<\/p>\n<ul style=\"text-align: justify;\">\n<li>Interagir avec le public cible via des \u00e9crans interactifs Touch<\/li>\n<li>Cr\u00e9er une exp\u00e9rience de marque enrichissante et multi-media<\/li>\n<li>Faire de la Brand Activation via des distribution de folders, collectes d\u2019informations gr\u00e2ce \u00e0 un(e) promo boy (girl)<\/li>\n<li>Animer votre marque, votre entreprise sur un lieu \u00e0 forte fr\u00e9quentation et \u00e0 forte visibilit\u00e9.<\/li>\n<li>Collecter des informations (Data Mining: adresses, e-mail,\u00a0 num\u00e9ros de t\u00e9l\u00e9phone) sur vos prospects\/clients :\u00a0 enregistrements, participation \u00e0 un concours\u2026<\/li>\n<\/ul>\n<p style=\"text-align: justify;\"><strong>Pour information :<\/strong><\/p>\n<ul style=\"text-align: justify;\">\n<li>89% des consommateurs sont favorables \u00e0 un affichage dynamique en point de vente \u2013 source : KPMG<\/li>\n<li>75% des visiteurs se souviennent d\u2019un affichage dynamique, contre 44% pour l\u2019affichage traditionnel sources : POPAI \u2013 Strategy Institute \u2013 IPSOS.<\/li>\n<\/ul>\n<p style=\"text-align: justify;\"><strong>Je peux vous aider \u00e0 toutes les \u00e9tapes de votre projet : depuis l\u2019\u00e9tude, l\u2019installation, la maintenance jusqu\u2019\u00e0 la cr\u00e9ation et la gestion de contenus.<\/strong><cite><\/cite><\/p>\n<p style=\"text-align: justify;\">Sp\u00e9cialis\u00e9 en produits CMS :<\/p>\n<p><a href=\"http:\/\/www.mdegeer.be\/Mikael\/wp-content\/uploads\/2012\/03\/logo2.png\"><img loading=\"lazy\" class=\"size-full wp-image-483 alignright\" src=\"http:\/\/www.mdegeer.be\/Mikael\/wp-content\/uploads\/2012\/03\/logo2.png\" alt=\"logo\" width=\"220\" height=\"116\" \/><\/a><\/p>\n<p style=\"text-align: justify;\"><a href=\"http:\/\/www.mdegeer.be\/Mikael\/wp-content\/uploads\/2012\/03\/visiosign_logo_VisioSign1.gif\"><img loading=\"lazy\" class=\"size-full wp-image-485 alignright\" src=\"http:\/\/www.mdegeer.be\/Mikael\/wp-content\/uploads\/2012\/03\/visiosign_logo_VisioSign1.gif\" alt=\"visiosign_logo_VisioSign\" width=\"193\" height=\"41\" \/><\/a><\/p>\n","protected":false},"excerpt":{"rendered":"<p>Les \u00e9crans digitaux se multiplient dans les lieux de vente, les expositions, les salles d\u2019attente, les salles de fitness, les h\u00f4tels\/restaurants, les mus\u00e9es, les a\u00e9roports, \u2026 Ces \u00e9crans proposent une communication riche, vari\u00e9e et dynamique. Ces outils de Digital Signage permettent d\u2019afficher toutes sortes d\u2019informations telles que : Films vid\u00e9o, Vid\u00e9o HD, Photos, Animation Flash, [&hellip;]<\/p>\n","protected":false},"author":1,"featured_media":0,"parent":0,"menu_order":0,"comment_status":"closed","ping_status":"open","template":"","meta":[],"_links":{"self":[{"href":"http:\/\/www.mdegeer.be\/Mikael\/wp-json\/wp\/v2\/pages\/322"}],"collection":[{"href":"http:\/\/www.mdegeer.be\/Mikael\/wp-json\/wp\/v2\/pages"}],"about":[{"href":"http:\/\/www.mdegeer.be\/Mikael\/wp-json\/wp\/v2\/types\/page"}],"author":[{"embeddable":true,"href":"http:\/\/www.mdegeer.be\/Mikael\/wp-json\/wp\/v2\/users\/1"}],"replies":[{"embeddable":true,"href":"http:\/\/www.mdegeer.be\/Mikael\/wp-json\/wp\/v2\/comments?post=322"}],"version-history":[{"count":7,"href":"http:\/\/www.mdegeer.be\/Mikael\/wp-json\/wp\/v2\/pages\/322\/revisions"}],"predecessor-version":[{"id":802,"href":"http:\/\/www.mdegeer.be\/Mikael\/wp-json\/wp\/v2\/pages\/322\/revisions\/802"}],"wp:attachment":[{"href":"http:\/\/www.mdegeer.be\/Mikael\/wp-json\/wp\/v2\/media?parent=322"}],"curies":[{"name":"wp","href":"https:\/\/api.w.org\/{rel}","templated":true}]}}